{"id":325,"date":"2024-03-25T16:47:51","date_gmt":"2024-03-25T16:47:51","guid":{"rendered":"https:\/\/www.trofasaude.pt\/coge\/?page_id=325"},"modified":"2024-03-25T17:12:44","modified_gmt":"2024-03-25T17:12:44","slug":"lista-eventos","status":"publish","type":"page","link":"https:\/\/www.trofasaude.pt\/coge\/lista-eventos\/","title":{"rendered":"Eventos"},"content":{"rendered":"","protected":false},"excerpt":{"rendered":"","protected":false},"author":9,"featured_media":0,"parent":0,"menu_order":0,"comment_status":"closed","ping_status":"closed","template":"templates-map\/component-events-list-layout1.php","meta":{"_acf_changed":false,"_exactmetrics_skip_tracking":false,"_exactmetrics_sitenote_active":false,"_exactmetrics_sitenote_note":"","_exactmetrics_sitenote_category":0,"ep_exclude_from_search":false,"footnotes":""},"class_list":["post-325","page","type-page","status-publish","hentry"],"acf":[],"yoast_head":"<!-- This site is optimized with the Yoast SEO plugin v24.9 - https:\/\/yoast.com\/wordpress\/plugins\/seo\/ -->\n<title>Eventos - Trofa Sa\u00fade Coge<\/title>\n<meta name=\"description\" content=\"Fique a par de todos os eventos gratuitos a decorrer no Trofa Sa\u00fade Coge. Estes abordam diferentes tem\u00e1ticas e contam com palestrantes diferenciados.\" \/>\n<meta name=\"robots\" content=\"index, follow, max-snippet:-1, max-image-preview:large, max-video-preview:-1\" \/>\n<link rel=\"canonical\" href=\"https:\/\/www.trofasaude.pt\/coge\/lista-eventos\/\" \/>\n<meta property=\"og:locale\" content=\"pt_PT\" \/>\n<meta property=\"og:type\" content=\"article\" \/>\n<meta property=\"og:title\" content=\"Eventos - Trofa Sa\u00fade Coge\" \/>\n<meta property=\"og:description\" content=\"Fique a par de todos os eventos gratuitos a decorrer no Trofa Sa\u00fade Coge. Estes abordam diferentes tem\u00e1ticas e contam com palestrantes diferenciados.\" \/>\n<meta property=\"og:url\" content=\"https:\/\/www.trofasaude.pt\/coge\/lista-eventos\/\" \/>\n<meta property=\"og:site_name\" content=\"Trofa Sa\u00fade Coge\" \/>\n<meta property=\"article:modified_time\" content=\"2024-03-25T17:12:44+00:00\" \/>\n<meta name=\"twitter:card\" content=\"summary_large_image\" \/>\n<script type=\"application\/ld+json\" class=\"yoast-schema-graph\">{\"@context\":\"https:\/\/schema.org\",\"@graph\":[{\"@type\":\"WebPage\",\"@id\":\"https:\/\/www.trofasaude.pt\/coge\/lista-eventos\/\",\"url\":\"https:\/\/www.trofasaude.pt\/coge\/lista-eventos\/\",\"name\":\"Eventos - Trofa Sa\u00fade Coge\",\"isPartOf\":{\"@id\":\"https:\/\/www.trofasaude.pt\/coge\/#website\"},\"datePublished\":\"2024-03-25T16:47:51+00:00\",\"dateModified\":\"2024-03-25T17:12:44+00:00\",\"description\":\"Fique a par de todos os eventos gratuitos a decorrer no Trofa Sa\u00fade Coge. Estes abordam diferentes tem\u00e1ticas e contam com palestrantes diferenciados.\",\"breadcrumb\":{\"@id\":\"https:\/\/www.trofasaude.pt\/coge\/lista-eventos\/#breadcrumb\"},\"inLanguage\":\"pt-PT\",\"potentialAction\":[{\"@type\":\"ReadAction\",\"target\":[\"https:\/\/www.trofasaude.pt\/coge\/lista-eventos\/\"]}]},{\"@type\":\"BreadcrumbList\",\"@id\":\"https:\/\/www.trofasaude.pt\/coge\/lista-eventos\/#breadcrumb\",\"itemListElement\":[{\"@type\":\"ListItem\",\"position\":1,\"name\":\"In\u00edcio\",\"item\":\"https:\/\/www.trofasaude.pt\/coge\/\"},{\"@type\":\"ListItem\",\"position\":2,\"name\":\"Eventos\"}]},{\"@type\":\"WebSite\",\"@id\":\"https:\/\/www.trofasaude.pt\/coge\/#website\",\"url\":\"https:\/\/www.trofasaude.pt\/coge\/\",\"name\":\"Trofa Sa\u00fade Coge\",\"description\":\"Mais um site Sites de Trofa Sa\u00fade\",\"potentialAction\":[{\"@type\":\"SearchAction\",\"target\":{\"@type\":\"EntryPoint\",\"urlTemplate\":\"https:\/\/www.trofasaude.pt\/coge\/?s={search_term_string}\"},\"query-input\":{\"@type\":\"PropertyValueSpecification\",\"valueRequired\":true,\"valueName\":\"search_term_string\"}}],\"inLanguage\":\"pt-PT\"}]}<\/script>\n<!-- \/ Yoast SEO plugin. -->","yoast_head_json":{"title":"Eventos - Trofa Sa\u00fade Coge","description":"Fique a par de todos os eventos gratuitos a decorrer no Trofa Sa\u00fade Coge. Estes abordam diferentes tem\u00e1ticas e contam com palestrantes diferenciados.","robots":{"index":"index","follow":"follow","max-snippet":"max-snippet:-1","max-image-preview":"max-image-preview:large","max-video-preview":"max-video-preview:-1"},"canonical":"https:\/\/www.trofasaude.pt\/coge\/lista-eventos\/","og_locale":"pt_PT","og_type":"article","og_title":"Eventos - Trofa Sa\u00fade Coge","og_description":"Fique a par de todos os eventos gratuitos a decorrer no Trofa Sa\u00fade Coge. Estes abordam diferentes tem\u00e1ticas e contam com palestrantes diferenciados.","og_url":"https:\/\/www.trofasaude.pt\/coge\/lista-eventos\/","og_site_name":"Trofa Sa\u00fade Coge","article_modified_time":"2024-03-25T17:12:44+00:00","twitter_card":"summary_large_image","schema":{"@context":"https:\/\/schema.org","@graph":[{"@type":"WebPage","@id":"https:\/\/www.trofasaude.pt\/coge\/lista-eventos\/","url":"https:\/\/www.trofasaude.pt\/coge\/lista-eventos\/","name":"Eventos - Trofa Sa\u00fade Coge","isPartOf":{"@id":"https:\/\/www.trofasaude.pt\/coge\/#website"},"datePublished":"2024-03-25T16:47:51+00:00","dateModified":"2024-03-25T17:12:44+00:00","description":"Fique a par de todos os eventos gratuitos a decorrer no Trofa Sa\u00fade Coge. Estes abordam diferentes tem\u00e1ticas e contam com palestrantes diferenciados.","breadcrumb":{"@id":"https:\/\/www.trofasaude.pt\/coge\/lista-eventos\/#breadcrumb"},"inLanguage":"pt-PT","potentialAction":[{"@type":"ReadAction","target":["https:\/\/www.trofasaude.pt\/coge\/lista-eventos\/"]}]},{"@type":"BreadcrumbList","@id":"https:\/\/www.trofasaude.pt\/coge\/lista-eventos\/#breadcrumb","itemListElement":[{"@type":"ListItem","position":1,"name":"In\u00edcio","item":"https:\/\/www.trofasaude.pt\/coge\/"},{"@type":"ListItem","position":2,"name":"Eventos"}]},{"@type":"WebSite","@id":"https:\/\/www.trofasaude.pt\/coge\/#website","url":"https:\/\/www.trofasaude.pt\/coge\/","name":"Trofa Sa\u00fade Coge","description":"Mais um site Sites de Trofa Sa\u00fade","potentialAction":[{"@type":"SearchAction","target":{"@type":"EntryPoint","urlTemplate":"https:\/\/www.trofasaude.pt\/coge\/?s={search_term_string}"},"query-input":{"@type":"PropertyValueSpecification","valueRequired":true,"valueName":"search_term_string"}}],"inLanguage":"pt-PT"}]}},"_links":{"self":[{"href":"https:\/\/www.trofasaude.pt\/coge\/wp-json\/wp\/v2\/pages\/325","targetHints":{"allow":["GET"]}}],"collection":[{"href":"https:\/\/www.trofasaude.pt\/coge\/wp-json\/wp\/v2\/pages"}],"about":[{"href":"https:\/\/www.trofasaude.pt\/coge\/wp-json\/wp\/v2\/types\/page"}],"author":[{"embeddable":true,"href":"https:\/\/www.trofasaude.pt\/coge\/wp-json\/wp\/v2\/users\/9"}],"replies":[{"embeddable":true,"href":"https:\/\/www.trofasaude.pt\/coge\/wp-json\/wp\/v2\/comments?post=325"}],"version-history":[{"count":1,"href":"https:\/\/www.trofasaude.pt\/coge\/wp-json\/wp\/v2\/pages\/325\/revisions"}],"predecessor-version":[{"id":326,"href":"https:\/\/www.trofasaude.pt\/coge\/wp-json\/wp\/v2\/pages\/325\/revisions\/326"}],"wp:attachment":[{"href":"https:\/\/www.trofasaude.pt\/coge\/wp-json\/wp\/v2\/media?parent=325"}],"curies":[{"name":"wp","href":"https:\/\/api.w.org\/{rel}","templated":true}]}}